{"id":54,"date":"2024-04-26T17:50:36","date_gmt":"2024-04-26T17:50:36","guid":{"rendered":"https:\/\/www.compraraceiteonline.es\/?page_id=54"},"modified":"2024-04-30T09:50:03","modified_gmt":"2024-04-30T09:50:03","slug":"servicios-valdelaseras","status":"publish","type":"page","link":"https:\/\/www.compraraceiteonline.es\/index.php\/servicios-valdelaseras\/","title":{"rendered":"Servicios Valdelaseras"},"content":{"rendered":"<p>[et_pb_section fb_built=\u00bb1&#8243; custom_padding_last_edited=\u00bbon|phone\u00bb next_background_color=\u00bb#ffffff\u00bb _builder_version=\u00bb4.17.0&#8243; _module_preset=\u00bbdefault\u00bb background_color=\u00bbrgba(0,0,0,0.35)\u00bb background_image=\u00bbhttps:\/\/www.compraraceiteonline.es\/wp-content\/uploads\/2024\/04\/Captura-de-pantalla-2024-04-18-125418.png\u00bb background_blend=\u00bboverlay\u00bb custom_padding=\u00bb279px||279px||true|false\u00bb custom_padding_tablet=\u00bb100px||100px||true|false\u00bb custom_padding_phone=\u00bb70px||70px||true|false\u00bb bottom_divider_style=\u00bbwave2&#8243; bottom_divider_height=\u00bb69px\u00bb global_colors_info=\u00bb{}\u00bb][\/et_pb_section][et_pb_section fb_built=\u00bb1&#8243; _builder_version=\u00bb4.19.0&#8243; _module_preset=\u00bbdefault\u00bb background_enable_color=\u00bboff\u00bb background_enable_image=\u00bboff\u00bb custom_padding=\u00bb30px||30px||false|false\u00bb global_colors_info=\u00bb{}\u00bb][et_pb_row _builder_version=\u00bb4.18.1&#8243; _module_preset=\u00bbdefault\u00bb max_width=\u00bb1200px\u00bb global_colors_info=\u00bb{}\u00bb][et_pb_column type=\u00bb4_4&#8243; _builder_version=\u00bb4.18.0&#8243; _module_preset=\u00bbdefault\u00bb global_colors_info=\u00bb{}\u00bb][et_pb_text _builder_version=\u00bb4.17.0&#8243; _module_preset=\u00bbdefault\u00bb header_2_font=\u00bb|800|||||||\u00bb header_2_text_align=\u00bbcenter\u00bb header_2_font_size=\u00bb38px\u00bb header_2_font_size_tablet=\u00bb34px\u00bb header_2_font_size_phone=\u00bb30px\u00bb header_2_font_size_last_edited=\u00bbon|phone\u00bb global_colors_info=\u00bb{}\u00bb]<\/p>\n<h2>Servicios Valdelaseras<\/h2>\n<p>[\/et_pb_text][\/et_pb_column][\/et_pb_row][\/et_pb_section][et_pb_section fb_built=\u00bb1&#8243; prev_background_color=\u00bb#ffffff\u00bb _builder_version=\u00bb4.18.0&#8243; _module_preset=\u00bbdefault\u00bb background_color=\u00bbrgba(255,255,255,0.95)\u00bb background_image=\u00bbhttps:\/\/www.compraraceiteonline.es\/wp-content\/uploads\/2024\/04\/fondo-panal-molino-jaranda.png\u00bb background_size=\u00bbcontain\u00bb background_repeat=\u00bbrepeat\u00bb background_blend=\u00bboverlay\u00bb custom_padding=\u00bb28px||50px|||\u00bb top_divider_style=\u00bbtriangle\u00bb top_divider_height=\u00bb50px\u00bb top_divider_flip=\u00bbvertical\u00bb global_colors_info=\u00bb{}\u00bb][et_pb_row column_structure=\u00bb1_2,1_2&#8243; _builder_version=\u00bb4.18.0&#8243; _module_preset=\u00bbdefault\u00bb max_width=\u00bb1200px\u00bb custom_padding=\u00bb40px||8px|||\u00bb global_colors_info=\u00bb{}\u00bb][et_pb_column type=\u00bb1_2&#8243; _builder_version=\u00bb4.18.0&#8243; _module_preset=\u00bbdefault\u00bb global_colors_info=\u00bb{}\u00bb][et_pb_image src=\u00bbhttps:\/\/www.compraraceiteonline.es\/wp-content\/uploads\/2024\/04\/Captura-de-pantalla-2024-04-26-121536.png\u00bb title_text=\u00bbCaptura de pantalla 2024-04-26 121536&#8243; _builder_version=\u00bb4.17.0&#8243; _module_preset=\u00bbdefault\u00bb border_width_all=\u00bb10px\u00bb border_color_all=\u00bb#f9f9f9&#8243; border_width_bottom=\u00bb60px\u00bb border_color_bottom=\u00bb#FFFFFF\u00bb box_shadow_style=\u00bbpreset1&#8243; box_shadow_color=\u00bbrgba(0,0,0,0.1)\u00bb global_colors_info=\u00bb{}\u00bb][\/et_pb_image][\/et_pb_column][et_pb_column type=\u00bb1_2&#8243; _builder_version=\u00bb4.18.0&#8243; _module_preset=\u00bbdefault\u00bb global_colors_info=\u00bb{}\u00bb][et_pb_text _builder_version=\u00bb4.18.0&#8243; _module_preset=\u00bbdefault\u00bb header_3_font=\u00bbSatisfy||||||||\u00bb header_3_font_size=\u00bb30px\u00bb custom_margin=\u00bb21px||0px||false|false\u00bb header_3_text_align_tablet=\u00bb\u00bb header_3_text_align_phone=\u00bbcenter\u00bb header_3_text_align_last_edited=\u00bbon|phone\u00bb header_3_font_size_tablet=\u00bb28px\u00bb header_3_font_size_phone=\u00bb26px\u00bb header_3_font_size_last_edited=\u00bbon|desktop\u00bb global_colors_info=\u00bb{}\u00bb]<\/p>\n<h3><span style=\"color: #de9036;\">Almazara\u00a0<\/span><\/h3>\n<p>[\/et_pb_text][et_pb_text _builder_version=\u00bb4.18.0&#8243; _module_preset=\u00bbdefault\u00bb header_2_font=\u00bb|800|||||||\u00bb header_2_font_size=\u00bb38px\u00bb header_2_text_align_tablet=\u00bb\u00bb header_2_text_align_phone=\u00bbcenter\u00bb header_2_text_align_last_edited=\u00bbon|phone\u00bb header_2_font_size_tablet=\u00bb34px\u00bb header_2_font_size_phone=\u00bb30px\u00bb header_2_font_size_last_edited=\u00bbon|phone\u00bb global_colors_info=\u00bb{}\u00bb custom_margin=\u00bb||22px|||\u00bb]<\/p>\n<h2>Conoce el proceso completo en nuestra Almazara<\/h2>\n<p>[\/et_pb_text][et_pb_text _builder_version=\u00bb4.17.0&#8243; _module_preset=\u00bbdefault\u00bb hover_enabled=\u00bb0&#8243; sticky_enabled=\u00bb0&#8243;]<\/p>\n<p><span>La\u00a0<\/span><span class=\"wixui-rich-text__text\">pasi\u00f3n por la innovaci\u00f3n<\/span><span> marca nuestro camino a la hora de incorporar maquinaria de \u00faltima generaci\u00f3n para que la aceituna est\u00e9 tratada de manera \u00f3ptima desde que entra en la almazara hasta que se obtiene el aceite de oliva virgen extra, utilizando siempre procesos mec\u00e1nicos para la extracci\u00f3n de aceite (Siempre procedente de la primera extracci\u00f3n), una forma de <span class=\"wixui-rich-text__text\">garantizar la denominaci\u00f3n \u201cVirgen Extra\u201d\u00a0<\/span>para que el producto final sea siempre de la m\u00e1s alta categor\u00eda. <\/span><\/p>\n<p><span>Todo ello posible gracias a las incorporaci\u00f3n de la maquinaria m\u00e1s moderna que existe en el mercado.<br \/><\/span><\/p>\n<p class=\"font_2 wixui-rich-text__text\"><em><span class=\"wixui-rich-text__text\">Si quieres una visita guiada en nuestra almazara <a href=\"https:\/\/www.compraraceiteonline.es\/contacto\">contact\u00e1nos<\/a> y programaremos tu visita.<\/span><\/em><\/p>\n<p>[\/et_pb_text][\/et_pb_column][\/et_pb_row][et_pb_row column_structure=\u00bb1_2,1_2&#8243; _builder_version=\u00bb4.17.0&#8243; _module_preset=\u00bbdefault\u00bb max_width=\u00bb1200px\u00bb custom_padding=\u00bb40px||8px|||\u00bb global_colors_info=\u00bb{}\u00bb][et_pb_column type=\u00bb1_2&#8243; _builder_version=\u00bb4.18.0&#8243; _module_preset=\u00bbdefault\u00bb global_colors_info=\u00bb{}\u00bb][et_pb_text _builder_version=\u00bb4.17.0&#8243; _module_preset=\u00bbdefault\u00bb header_3_font=\u00bbSatisfy||||||||\u00bb header_3_font_size=\u00bb30px\u00bb custom_margin=\u00bb21px||0px||false|false\u00bb header_3_text_align_tablet=\u00bb\u00bb header_3_text_align_phone=\u00bbcenter\u00bb header_3_text_align_last_edited=\u00bbon|phone\u00bb header_3_font_size_tablet=\u00bb28px\u00bb header_3_font_size_phone=\u00bb26px\u00bb header_3_font_size_last_edited=\u00bbon|desktop\u00bb global_colors_info=\u00bb{}\u00bb]<\/p>\n<h3><span style=\"color: #de9036;\">Eventos<\/span><\/h3>\n<p>[\/et_pb_text][et_pb_text _builder_version=\u00bb4.18.0&#8243; _module_preset=\u00bbdefault\u00bb header_2_font=\u00bb|800|||||||\u00bb header_2_font_size=\u00bb38px\u00bb header_2_text_align_tablet=\u00bb\u00bb header_2_text_align_phone=\u00bbcenter\u00bb header_2_text_align_last_edited=\u00bbon|phone\u00bb header_2_font_size_tablet=\u00bb34px\u00bb header_2_font_size_phone=\u00bb30px\u00bb header_2_font_size_last_edited=\u00bbon|phone\u00bb global_colors_info=\u00bb{}\u00bb]<\/p>\n<h2>Organiza tu evento con nosotros<\/h2>\n<p>[\/et_pb_text][et_pb_text _builder_version=\u00bb4.17.0&#8243; _module_preset=\u00bbdefault\u00bb hover_enabled=\u00bb0&#8243; sticky_enabled=\u00bb0&#8243;]<\/p>\n<p>En Finca Valdelaseras econtrar\u00e1s un lugar excepcional para el disfrute tuyo y el de los tuyos en ese <strong>momento especial para celebrar.<\/strong><\/p>\n<p>Tambi\u00e9n es el lugar perfecto para grupos de retiros <strong>para sanar cuerpo y mente<\/strong> e <strong>ideal como lugar de emprendimiento<\/strong>, ceatividad y trabajo en equipo para eventos Team Building.\u00a0<\/p>\n<p>\u00bfCu\u00e1l ser\u00eda tu caso? \u00bfHablamos?<\/p>\n<p>[\/et_pb_text][\/et_pb_column][et_pb_column type=\u00bb1_2&#8243; _builder_version=\u00bb4.18.0&#8243; _module_preset=\u00bbdefault\u00bb global_colors_info=\u00bb{}\u00bb][et_pb_image src=\u00bbhttps:\/\/www.compraraceiteonline.es\/wp-content\/uploads\/2024\/04\/Actividades-y-Eventos-en-Valdelaseras-1-e1714127335999.jpg\u00bb title_text=\u00bbActividades-y-Eventos-en-Valdelaseras-1&#8243; _builder_version=\u00bb4.17.0&#8243; _module_preset=\u00bbdefault\u00bb border_width_all=\u00bb10px\u00bb border_color_all=\u00bb#f9f9f9&#8243; border_width_bottom=\u00bb60px\u00bb border_color_bottom=\u00bb#FFFFFF\u00bb box_shadow_style=\u00bbpreset1&#8243; box_shadow_color=\u00bbrgba(0,0,0,0.1)\u00bb global_colors_info=\u00bb{}\u00bb][\/et_pb_image][\/et_pb_column][\/et_pb_row][et_pb_row column_structure=\u00bb1_2,1_2&#8243; _builder_version=\u00bb4.18.0&#8243; _module_preset=\u00bbdefault\u00bb max_width=\u00bb1200px\u00bb custom_padding=\u00bb40px||8px|||\u00bb global_colors_info=\u00bb{}\u00bb][et_pb_column type=\u00bb1_2&#8243; _builder_version=\u00bb4.18.0&#8243; _module_preset=\u00bbdefault\u00bb global_colors_info=\u00bb{}\u00bb][et_pb_image src=\u00bbhttps:\/\/www.compraraceiteonline.es\/wp-content\/uploads\/2024\/04\/Captura-de-pantalla-2024-04-26-124730.png\u00bb title_text=\u00bbCaptura de pantalla 2024-04-26 124730&#8243; _builder_version=\u00bb4.17.0&#8243; _module_preset=\u00bbdefault\u00bb border_width_all=\u00bb10px\u00bb border_color_all=\u00bb#f9f9f9&#8243; border_width_bottom=\u00bb60px\u00bb border_color_bottom=\u00bb#FFFFFF\u00bb box_shadow_style=\u00bbpreset1&#8243; box_shadow_color=\u00bbrgba(0,0,0,0.1)\u00bb global_colors_info=\u00bb{}\u00bb][\/et_pb_image][\/et_pb_column][et_pb_column type=\u00bb1_2&#8243; _builder_version=\u00bb4.18.0&#8243; _module_preset=\u00bbdefault\u00bb global_colors_info=\u00bb{}\u00bb][et_pb_text _builder_version=\u00bb4.17.0&#8243; _module_preset=\u00bbdefault\u00bb header_3_font=\u00bbSatisfy||||||||\u00bb header_3_font_size=\u00bb30px\u00bb custom_margin=\u00bb21px||0px||false|false\u00bb header_3_text_align_tablet=\u00bb\u00bb header_3_text_align_phone=\u00bbcenter\u00bb header_3_text_align_last_edited=\u00bbon|phone\u00bb header_3_font_size_tablet=\u00bb28px\u00bb header_3_font_size_phone=\u00bb26px\u00bb header_3_font_size_last_edited=\u00bbon|desktop\u00bb global_colors_info=\u00bb{}\u00bb]<\/p>\n<h3><span style=\"color: #de9036;\">Ev\u00e1dete con la m\u00e1xima calidad<\/span><\/h3>\n<p>[\/et_pb_text][et_pb_text _builder_version=\u00bb4.17.0&#8243; _module_preset=\u00bbdefault\u00bb header_2_font=\u00bb|800|||||||\u00bb header_2_font_size=\u00bb38px\u00bb header_2_text_align_tablet=\u00bb\u00bb header_2_text_align_phone=\u00bbcenter\u00bb header_2_text_align_last_edited=\u00bbon|phone\u00bb header_2_font_size_tablet=\u00bb34px\u00bb header_2_font_size_phone=\u00bb30px\u00bb header_2_font_size_last_edited=\u00bbon|phone\u00bb global_colors_info=\u00bb{}\u00bb]<\/p>\n<h2>Casa Rural de 5*<\/h2>\n<p>[\/et_pb_text][et_pb_text _builder_version=\u00bb4.17.0&#8243; _module_preset=\u00bbdefault\u00bb hover_enabled=\u00bb0&#8243; sticky_enabled=\u00bb0&#8243;]<\/p>\n<p><span>Sum\u00e9rgete en una experiencia sin igual en nuestra casa rural,\u00a0<\/span><strong>un refugio exclusivo<\/strong><span>\u00a0dise\u00f1ado para satisfacer los gustos m\u00e1s exigentes. Con una fusi\u00f3n perfecta entre la elegancia sofisticada y la serenidad del entorno rural, te invitamos a descubrir\u00a0<\/span><strong>un oasis de comodidad y estilo<\/strong><span>. Hemos creado un espacio singular y \u00fanico,\u00a0<\/span><strong>rodeado de naturaleza y olivos milenarios<\/strong><span>, donde desconectar ser\u00e1 solo\u00a0el\u00a0principio.<\/span><\/p>\n<p><span>El\u00a0<strong>lujo se encuentra en cada rinc\u00f3n de nuestra casa rural<\/strong>, donde el\u00a0<strong>suelo radiante y refrescante<\/strong>\u00a0en toda la propiedad garantiza una temperatura perfecta en cualquier \u00e9poca del a\u00f1o. Pasea descalzo por suelos c\u00e1lidos mientras disfrutas de la serenidad que solo la vida en el campo puede ofrecer.<\/span><\/p>\n<p><span><\/span><\/p>\n<p>[\/et_pb_text][\/et_pb_column][\/et_pb_row][\/et_pb_section][et_pb_section fb_built=\u00bb1&#8243; admin_label=\u00bbFooter\u00bb _builder_version=\u00bb4.24.2&#8243; _module_preset=\u00bbdefault\u00bb use_background_color_gradient=\u00bbon\u00bb background_color_gradient_stops=\u00bb#56000f 0%|rgba(31,37,28,0.85) 100%\u00bb background_color_gradient_overlays_image=\u00bbon\u00bb background_image=\u00bbhttps:\/\/www.compraraceiteonline.es\/wp-content\/uploads\/2024\/04\/Casa-Rural-ValdelaseraS-La-Codosera-61.jpg\u00bb custom_padding=\u00bb14px||22px|||\u00bb saved_tabs=\u00bball\u00bb collapsed=\u00bbon\u00bb global_colors_info=\u00bb{}\u00bb][et_pb_row column_structure=\u00bb1_3,1_3,1_3&#8243; custom_padding_last_edited=\u00bbon|desktop\u00bb _builder_version=\u00bb4.23.1&#8243; _module_preset=\u00bbdefault\u00bb custom_margin=\u00bb7px|auto||auto||\u00bb custom_padding=\u00bb56px|40px|56px|40px|true|true\u00bb custom_padding_tablet=\u00bb30px|30px|30px|30px|true|true\u00bb custom_padding_phone=\u00bb20px|20px|20px|20px|true|true\u00bb border_width_all=\u00bb2px\u00bb border_color_all=\u00bbgcid-44a2432d-0d5f-4936-b18e-1d8ff0643d31&#8243; global_colors_info=\u00bb{%22gcid-44a2432d-0d5f-4936-b18e-1d8ff0643d31%22:%91%22border_color_all%22,%22border_color_all%22%93}\u00bb][et_pb_column type=\u00bb1_3&#8243; _builder_version=\u00bb4.23.1&#8243; _module_preset=\u00bbdefault\u00bb global_colors_info=\u00bb{}\u00bb][et_pb_text _builder_version=\u00bb4.24.2&#8243; _module_preset=\u00bbdefault\u00bb header_4_font=\u00bbIstok Web|700|||||||\u00bb header_4_text_color=\u00bbgcid-44a2432d-0d5f-4936-b18e-1d8ff0643d31&#8243; header_4_font_size=\u00bb25px\u00bb header_4_line_height=\u00bb1.4em\u00bb text_orientation=\u00bbcenter\u00bb custom_margin=\u00bb||0px||false|false\u00bb header_4_font_size_tablet=\u00bb16px\u00bb header_4_font_size_phone=\u00bb15px\u00bb header_4_font_size_last_edited=\u00bbon|desktop\u00bb global_colors_info=\u00bb{%22gcid-44a2432d-0d5f-4936-b18e-1d8ff0643d31%22:%91%22header_4_text_color%22%93}\u00bb]<\/p>\n<h4>D\u00f3nde estamos<\/h4>\n<p>[\/et_pb_text][et_pb_text _builder_version=\u00bb4.17.0&#8243; _module_preset=\u00bbdefault\u00bb text_font=\u00bbLato||||||||\u00bb text_text_color=\u00bbgcid-44a2432d-0d5f-4936-b18e-1d8ff0643d31&#8243; link_text_color=\u00bbgcid-44a2432d-0d5f-4936-b18e-1d8ff0643d31&#8243; text_orientation=\u00bbcenter\u00bb custom_margin=\u00bb||10px||false|false\u00bb text_font_size_tablet=\u00bb15px\u00bb text_font_size_phone=\u00bb14px\u00bb text_font_size_last_edited=\u00bbon|desktop\u00bb global_colors_info=\u00bb{%22gcid-44a2432d-0d5f-4936-b18e-1d8ff0643d31%22:%91%22text_text_color%22,%22link_text_color%22%93}\u00bb]<\/p>\n<p><span>Valdelaseras, 06519<\/span><br \/><span>La Tojera, Badajoz<\/span><\/p>\n<p>[\/et_pb_text][\/et_pb_column][et_pb_column type=\u00bb1_3&#8243; _builder_version=\u00bb4.23.1&#8243; _module_preset=\u00bbdefault\u00bb global_colors_info=\u00bb{}\u00bb][et_pb_text _builder_version=\u00bb4.24.2&#8243; _module_preset=\u00bbdefault\u00bb header_4_font=\u00bbIstok Web|700|||||||\u00bb header_4_text_color=\u00bbgcid-44a2432d-0d5f-4936-b18e-1d8ff0643d31&#8243; header_4_font_size=\u00bb25px\u00bb header_4_line_height=\u00bb1.4em\u00bb text_orientation=\u00bbcenter\u00bb custom_margin=\u00bb||0px||false|false\u00bb header_4_font_size_tablet=\u00bb16px\u00bb header_4_font_size_phone=\u00bb15px\u00bb header_4_font_size_last_edited=\u00bbon|desktop\u00bb global_colors_info=\u00bb{%22gcid-44a2432d-0d5f-4936-b18e-1d8ff0643d31%22:%91%22header_4_text_color%22%93}\u00bb]<\/p>\n<h4>Contacto | Reservas<\/h4>\n<p>[\/et_pb_text][et_pb_text _builder_version=\u00bb4.24.2&#8243; _module_preset=\u00bbdefault\u00bb text_font=\u00bbLato||||||||\u00bb text_text_color=\u00bbgcid-44a2432d-0d5f-4936-b18e-1d8ff0643d31&#8243; link_text_color=\u00bbgcid-44a2432d-0d5f-4936-b18e-1d8ff0643d31&#8243; text_orientation=\u00bbcenter\u00bb custom_margin=\u00bb||10px||false|false\u00bb text_font_size_tablet=\u00bb15px\u00bb text_font_size_phone=\u00bb14px\u00bb text_font_size_last_edited=\u00bbon|desktop\u00bb global_colors_info=\u00bb{%22gcid-44a2432d-0d5f-4936-b18e-1d8ff0643d31%22:%91%22text_text_color%22,%22link_text_color%22%93}\u00bb]<\/p>\n<p><span>(+34)\u00a0<\/span><a href=\"tel:629894242\"><span>629894242<\/span><\/a><\/p>\n<p>[\/et_pb_text][et_pb_text _builder_version=\u00bb4.24.2&#8243; _module_preset=\u00bbdefault\u00bb text_font=\u00bbLato||||||||\u00bb text_text_color=\u00bbgcid-44a2432d-0d5f-4936-b18e-1d8ff0643d31&#8243; link_text_color=\u00bbgcid-44a2432d-0d5f-4936-b18e-1d8ff0643d31&#8243; text_orientation=\u00bbcenter\u00bb custom_margin=\u00bb||37px||false|false\u00bb text_font_size_tablet=\u00bb15px\u00bb text_font_size_phone=\u00bb14px\u00bb text_font_size_last_edited=\u00bbon|desktop\u00bb global_colors_info=\u00bb{%22gcid-44a2432d-0d5f-4936-b18e-1d8ff0643d31%22:%91%22text_text_color%22,%22link_text_color%22%93}\u00bb]<\/p>\n<p><span>reserva@casaruralvaldelaseras.es<\/span><\/p>\n<p>[\/et_pb_text][et_pb_image src=\u00bbhttps:\/\/www.compraraceiteonline.es\/wp-content\/uploads\/2024\/04\/Banner-Subvencion-Kit-Digital.jpg\u00bb title_text=\u00bbBanner Subvenci\u00f3n Kit Digital\u00bb align=\u00bbcenter\u00bb _builder_version=\u00bb4.24.2&#8243; _module_preset=\u00bbdefault\u00bb global_colors_info=\u00bb{}\u00bb][\/et_pb_image][\/et_pb_column][et_pb_column type=\u00bb1_3&#8243; _builder_version=\u00bb4.23.1&#8243; _module_preset=\u00bbdefault\u00bb global_colors_info=\u00bb{}\u00bb][et_pb_text _builder_version=\u00bb4.24.2&#8243; _module_preset=\u00bbdefault\u00bb header_4_font=\u00bbIstok Web|700|||||||\u00bb header_4_text_color=\u00bbgcid-44a2432d-0d5f-4936-b18e-1d8ff0643d31&#8243; header_4_font_size=\u00bb25px\u00bb header_4_line_height=\u00bb1.4em\u00bb text_orientation=\u00bbcenter\u00bb custom_margin=\u00bb||0px||false|false\u00bb header_4_font_size_tablet=\u00bb16px\u00bb header_4_font_size_phone=\u00bb15px\u00bb header_4_font_size_last_edited=\u00bbon|desktop\u00bb global_colors_info=\u00bb{%22gcid-44a2432d-0d5f-4936-b18e-1d8ff0643d31%22:%91%22header_4_text_color%22%93}\u00bb]<\/p>\n<h4>De inter\u00e9s<\/h4>\n<p>[\/et_pb_text][et_pb_text _builder_version=\u00bb4.24.2&#8243; _module_preset=\u00bbdefault\u00bb text_font=\u00bbLato||||||||\u00bb text_text_color=\u00bbgcid-44a2432d-0d5f-4936-b18e-1d8ff0643d31&#8243; link_text_color=\u00bbgcid-44a2432d-0d5f-4936-b18e-1d8ff0643d31&#8243; text_orientation=\u00bbcenter\u00bb custom_margin=\u00bb||10px||false|false\u00bb text_font_size_tablet=\u00bb15px\u00bb text_font_size_phone=\u00bb14px\u00bb text_font_size_last_edited=\u00bbon|desktop\u00bb global_colors_info=\u00bb{%22gcid-44a2432d-0d5f-4936-b18e-1d8ff0643d31%22:%91%22text_text_color%22,%22link_text_color%22%93}\u00bb]<\/p>\n<p><a href=\"https:\/\/valdelaseras.es\/eventos\">Eventos en Valdelaseras<\/a><\/p>\n<p>[\/et_pb_text][et_pb_text _builder_version=\u00bb4.24.2&#8243; _module_preset=\u00bbdefault\u00bb text_font=\u00bbLato||||||||\u00bb text_text_color=\u00bbgcid-44a2432d-0d5f-4936-b18e-1d8ff0643d31&#8243; link_text_color=\u00bbgcid-44a2432d-0d5f-4936-b18e-1d8ff0643d31&#8243; text_orientation=\u00bbcenter\u00bb custom_margin=\u00bb||10px||false|false\u00bb text_font_size_tablet=\u00bb15px\u00bb text_font_size_phone=\u00bb14px\u00bb text_font_size_last_edited=\u00bbon|desktop\u00bb global_colors_info=\u00bb{%22gcid-44a2432d-0d5f-4936-b18e-1d8ff0643d31%22:%91%22text_text_color%22,%22link_text_color%22%93}\u00bb]<\/p>\n<p>Actividades por la zona<\/p>\n<p>[\/et_pb_text][et_pb_text _builder_version=\u00bb4.24.2&#8243; _module_preset=\u00bbdefault\u00bb text_font=\u00bbLato||||||||\u00bb text_text_color=\u00bbgcid-44a2432d-0d5f-4936-b18e-1d8ff0643d31&#8243; link_text_color=\u00bbgcid-44a2432d-0d5f-4936-b18e-1d8ff0643d31&#8243; text_orientation=\u00bbcenter\u00bb custom_margin=\u00bb||10px||false|false\u00bb text_font_size_tablet=\u00bb15px\u00bb text_font_size_phone=\u00bb14px\u00bb text_font_size_last_edited=\u00bbon|desktop\u00bb global_colors_info=\u00bb{%22gcid-44a2432d-0d5f-4936-b18e-1d8ff0643d31%22:%91%22text_text_color%22,%22link_text_color%22%93}\u00bb]<\/p>\n<p><a href=\"https:\/\/valdelaseras.es\/entorno\/\">Nuestro entorno<\/a><\/p>\n<p>[\/et_pb_text][et_pb_text _builder_version=\u00bb4.24.2&#8243; _module_preset=\u00bbdefault\u00bb text_font=\u00bbLato||||||||\u00bb text_text_color=\u00bbgcid-44a2432d-0d5f-4936-b18e-1d8ff0643d31&#8243; link_text_color=\u00bbgcid-44a2432d-0d5f-4936-b18e-1d8ff0643d31&#8243; text_orientation=\u00bbcenter\u00bb custom_margin=\u00bb||10px||false|false\u00bb text_font_size_tablet=\u00bb15px\u00bb text_font_size_phone=\u00bb14px\u00bb text_font_size_last_edited=\u00bbon|desktop\u00bb global_colors_info=\u00bb{%22gcid-44a2432d-0d5f-4936-b18e-1d8ff0643d31%22:%91%22text_text_color%22,%22link_text_color%22%93}\u00bb]<\/p>\n<p><a href=\"https:\/\/www.aceitevaldelaseras.com\/tiendaonline\">Tienda Online Almazara<\/a><\/p>\n<p>[\/et_pb_text][\/et_pb_column][\/et_pb_row][\/et_pb_section]<\/p>\n","protected":false},"excerpt":{"rendered":"<p>Servicios ValdelaserasAlmazara\u00a0Conoce el proceso completo en nuestra AlmazaraLa\u00a0pasi\u00f3n por la innovaci\u00f3n marca nuestro camino a la hora de incorporar maquinaria de \u00faltima generaci\u00f3n para que la aceituna est\u00e9 tratada de manera \u00f3ptima desde que entra en la almazara hasta que se obtiene el aceite de oliva virgen extra, utilizando siempre procesos mec\u00e1nicos para la extracci\u00f3n [&hellip;]<\/p>\n","protected":false},"author":1,"featured_media":0,"parent":0,"menu_order":0,"comment_status":"closed","ping_status":"closed","template":"","meta":{"_et_pb_use_builder":"on","_et_pb_old_content":"","_et_gb_content_width":"","footnotes":""},"class_list":["post-54","page","type-page","status-publish","hentry"],"_links":{"self":[{"href":"https:\/\/www.compraraceiteonline.es\/index.php\/wp-json\/wp\/v2\/pages\/54","targetHints":{"allow":["GET"]}}],"collection":[{"href":"https:\/\/www.compraraceiteonline.es\/index.php\/wp-json\/wp\/v2\/pages"}],"about":[{"href":"https:\/\/www.compraraceiteonline.es\/index.php\/wp-json\/wp\/v2\/types\/page"}],"author":[{"embeddable":true,"href":"https:\/\/www.compraraceiteonline.es\/index.php\/wp-json\/wp\/v2\/users\/1"}],"replies":[{"embeddable":true,"href":"https:\/\/www.compraraceiteonline.es\/index.php\/wp-json\/wp\/v2\/comments?post=54"}],"version-history":[{"count":4,"href":"https:\/\/www.compraraceiteonline.es\/index.php\/wp-json\/wp\/v2\/pages\/54\/revisions"}],"predecessor-version":[{"id":72,"href":"https:\/\/www.compraraceiteonline.es\/index.php\/wp-json\/wp\/v2\/pages\/54\/revisions\/72"}],"wp:attachment":[{"href":"https:\/\/www.compraraceiteonline.es\/index.php\/wp-json\/wp\/v2\/media?parent=54"}],"curies":[{"name":"wp","href":"https:\/\/api.w.org\/{rel}","templated":true}]}}